03469094.
2, 3, 37, 43, 3613
List the prime factors of 29887388.
2, 131, 57037
What are the prime factors of 5643464643?
3, 69672403
What are the prime factors of 2040807368?
2, 3923, 65027
List the prime factors of 111452967.
3, 31, 399473
List the prime factors of 374785385.
5, 13, 443533
List the prime factors of 560989347.
3, 41, 191, 23879
List the prime factors of 1829017413.
3, 203224157
What are the prime factors of 1194822483?
3, 1609, 247529
What are the prime factors of 1126725355?
5, 7, 479, 9601
List the prime factors of 389663648.
2, 11, 1106999
What are the prime factors of 159002679?
3, 11, 29, 166147
List the prime factors of 2882825497.
23, 41, 3057079
What are the prime factors of 133026656?
2, 7, 593869
What are the prime factors of 3393586076?
2, 503, 1686673
List the prime factors of 34070859.
3, 3785651
List the prime factors of 242059959.
3, 26895551
What are the prime factors of 320752281?
3, 19, 401, 14033
List the prime factors of 30916118.
2, 59, 127, 2063
What are the prime factors of 116433092?
2, 127, 229199
What are the prime factors of 1222744006?
2, 11, 17, 3269369
What are the prime factors of 699303286?
2, 11, 2889683
List the prime factors of 29048611.
53, 157, 3491
List the prime factors of 82296507.
3, 17, 23, 4127
List the prime factors of 100898106.
2, 3, 16816351
List the prime factors of 3698518054.
2, 7, 11, 31, 67, 373
What are the prime factors of 399245624?
2, 49905703
What are the prime factors of 198595095?
3, 5, 37, 357829
What are the prime factors of 76229658?
2, 3, 211, 20071
What are the prime factors of 147157839?
3, 53, 308507
What are the prime factors of 5423430?
2, 3, 5, 293, 617
What are the prime factors of 1762447507?
18169, 97003
What are the prime factors of 155846017?
277, 562621
What are the prime factors of 1196584674?
2, 3, 4643, 42953
List the prime factors of 9187543.
9187543
What are the prime factors of 709228188?
2, 3, 79, 249377
List the prime factors of 2586718110.
2, 3, 5, 167, 521, 991
What are the prime factors of 70214626?
2, 29, 1210597
List the prime factors of 547763334.
2, 3, 91293889
List the prime factors of 142142510.
2, 5, 67, 353, 601
List the prime factors of 330889200.
2, 3, 5, 275741
List the prime factors of 676029974.
2, 338014987
List the prime factors of 102415479.
3, 1667, 20479
List the prime factors of 360993544.
2, 1303, 34631
What are the prime factors of 139431767?
139431767
List the prime factors of 258027885.
3, 5, 19, 47, 6421
What are the prime factors of 218084424?
2, 3, 9086851
List the prime factors of 50641625.
5, 151, 2683
What are the prime factors of 330548149?
19, 59, 294869
List the prime factors of 101392544.
2, 11, 71, 4057
What are the prime factors of 329848175?
5, 23, 29, 131, 151
List the prime factors of 2141270872.
2, 13, 20589143
What are the prime factors of 50175775?
5, 13, 154387
List the prime factors of 2236905669.
3, 745635223
What are the prime factors of 254481848?
2, 31810231
List the prime factors of 3361563194.
2, 11, 347, 40031
What are the prime factors of 3218669713?
7, 65687137
List the prime factors of 27107804.
2, 53, 127867
What are the prime factors of 86605307?
86605307
What are the prime factors of 30289760?
2, 5, 189311
List the prime factors of 48948124.
2, 12237031
List the prime factors of 553465526.
2, 276732763
List the prime factors of 91134351.
3, 7, 11, 131507
What are the prime factors of 68852495?
5, 241, 57139
List the prime factors of 170032366.
2, 7, 199, 61031
What are the prime factors of 735156035?
5, 41, 353, 10159
What are the prime factors of 94835378?
2, 11, 41, 47, 2237
What are the prime factors of 4611993?
3, 151, 10181
What are the prime factors of 29856712?
2, 743, 5023
List the prime factors of 57795848.
2, 11, 656771
List the prime factors of 2117382652.
2, 7, 11, 6874619
What are the prime factors of 65799831?
3, 19, 60757
What are the prime factors of 86233785?
3, 5, 11, 23, 31, 733
List the prime factors of 1159721460.
2, 3, 5, 6442897
List the prime factors of 1447244710.
2, 5, 29, 73, 137, 499
List the prime factors of 35359915.
5, 17, 415999
What are the prime factors of 2782297661?
11, 13, 19, 71, 14423
What are the prime factors of 305285757?
3, 7, 14537417
What are the prime factors of 4588598257?
13921, 329617
List the prime factors of 16426462.
2, 13, 23, 2113
List the prime factors of 96296601.
3, 53, 605639
What are the prime factors of 4914356453?
281, 401, 43613
What are the prime factors of 728058617?
11, 13, 353, 14423
List the prime factors of 66553488.
2, 3, 89, 577
List the prime factors of 47961977.
7, 619, 11069
What are the prime factors of 572410584?
2, 3, 29, 91381
List the prime factors of 77867291.
29, 757, 3547
What are the prime factors of 8242238554?
2, 11, 17, 23, 87107
List the prime factors of 2278172730.
2, 3, 5, 75939091
List the prime factors of 2754866175.
3, 5, 36731549
List the prime factors of 35771031.
3, 947, 1399
List the prime factors of 40445488.
2, 29, 67, 1301
List the prime factors of 96307756.
2, 24076939
What are the prime factors of 2363409774?
2, 3, 11, 43, 89, 3119
List the prime factors of 174228487.
174228487
List the prime factors of 223369355.
5, 11, 4061261
List the prime factors of 765588953.
71, 1061, 10163
What are the prime factors of 103756446?
2, 3, 109, 52883
List the prime factors of 3879491400.
2, 3, 5, 2155273
What are the prime factors of 29740902?
2, 3, 4956817
What are the prime factors of 41342386?
2, 439, 47087
What are the prime factors of 427973427?
3, 7, 179, 37951
List the prime factors of 176543789.
8573, 20593
List the prime factors of 81035218.
2, 11, 683, 5393
List the prime factors of 620400247.
620400247
What are the prime factors of 372442876?
2, 13, 550951
What are the prime factors of 1431632410?
2, 5, 13, 11012557
List the prime factors of 775179252.
2, 3, 19, 1133303
List the prime factors of 111166071.
3, 37055357
What are the prime factors of 1573322837?
103, 15274979
List the prime factors of 34620898.
2, 13, 1331573
What are the prime factors of 278480220?
2, 3, 5, 659, 7043
List the prime factors of 57887063.
13, 342527
What are the prime factors of 252286257?
3, 84095419
List the prime factors of 135878872.
2, 107, 181, 877
What are the prime factors of 241977218?
2, 7, 17, 29, 35059
List the prime factors of 86732418.
2, 3, 14455403
What are the prime factors of 283056786?
2, 3, 839, 18743
List the prime factors of 423090873.
3, 47010097
List the prime factors of 1291462159.
13, 99343243
What are the prime factors of 939512315?
5, 7, 211, 127219
What are the prime factors of 100666584?
2, 3, 23, 881
What are the prime factors of 208487995?
5, 41697599
List the prime factors of 532257786.
2, 3, 31, 151, 6317
What are the prime factors of 621027095?
5, 13, 113, 84551
List the prime factors of 91323091.
59, 1547849
What are the prime factors of 102871078?
2, 1789, 28751
List the prime factors of 227377454.
2, 2843, 39989
List the prime factors of 3549121608.
2, 3, 7351, 20117
List the prime factors of 96015274.
2, 367, 130811
List the prime factors of 2275729861.
2275729861
What are the prime factors of 273299215?
5, 7, 61, 18287
What are the prime factors of 99794943?
3, 41, 90149
List the prime factors of 227702698.
2, 83, 1371703
What are the prime factors of 310851300?
2, 3, 5, 43, 24097
List the prime factors of 1570181881.
769, 2041849
What are the prime factors of 98722594?
2, 19, 2597963
List the prime factors of 302295272.
2, 37786909
List the prime factors of 3628055185.
5, 89, 8152933
List the prime factors of 4546974660.
2, 3, 5, 75782911
List the prime factors of 4285934521.
11, 2269, 171719
List the prime factors of 237251219.
237251219
List the prime factors of 225913521.
3, 23, 181, 18089
List the prime factors of 141314526.
2, 3, 229, 34283
What are the prime factors of 1207169727?
3, 12959, 31051
What are the prime factors of 787818378?
2, 3, 131303063
List the prime factors of 1165854.
2, 3, 194309
What are the prime factors of 229570312?
2, 17, 19, 88843
What are the prime factors of 303628169?
13, 23356013
What are the prime factors of 555084682?
2, 67, 4142423
List the prime factors of 327185122.
2, 11, 14872051
What are the prime factors of 37652241?
3, 11,